-b + 0*s - s - 703 = 0. Suppose -1781 = -4*y + 2315. Let d = y + b. Is d composite?
False
Let g = -5731 + 12330. Is g composite?
False
Suppose 0*l - 6 = -l. Suppose 5*j + 190 = -5*y, l*y - y + 205 = -2*j. Let f = 120 + y. Is f prime?
False
Let n(v) = 1711*v**2 - 40*v + 127. Is n(4) composite?
True
Let i be 61/6 + (-2)/12. Suppose -4*c + 10698 = -i*c. Let p = -1248 - c. Is p a composite number?
True
Suppose -5*f - 2*b + 66926 = -19515, -3*f - 3*b = -51870. Is f a prime number?
False
Suppose q - 923 = -c, 6*q = q - 4*c + 4616. Let b = q + -617. Is b a composite number?
False
Let o(l) = 2*l**2 + 5*l + 3. Let k be o(-3). Let u be (-1212)/(-18) - k/(-9). Let j = u + 25. Is j prime?
False
Let v(q) = q**2 + 209*q**3 - 31*q**3 + 1 - 2*q**2. Is v(1) a composite number?
True
Suppose -2*z = -4*h - 4326, 10 - 6 = -4*h. Is z a composite number?
False
Let h(b) = 168*b**2 + 7*b + 10. Let n be h(6). Suppose -4*q + n = 960. Is q a prime number?
False
Let j(n) = -45*n**3 - 3*n**2 - 2*n - 1. Let t be j(-2). Suppose -k + 688 = -5*k. Let g = t + k. Is g prime?
True
Let m(w) = 2*w**2 - 3*w + 1. Let p be m(1). Let g(d) = -d**2 - 3*d + 907. Is g(p) composite?
False
Let t = 3478 - -429. Is t prime?
True
Is 4298/((16/10 - 2)*-5) a prime number?
False
Let a(d) = d**3 - 6*d**2 + d - 3. Let m be a(6). Let y be (-7)/28 + 3747/12. Suppose 0 = -m*j - 4*w + 917, 4*j - w - y = 917. Is j a prime number?
True
Let d = 25816 + -13849. Is d a composite number?
True
Is ((-4)/12*1)/(2/(-31866)) a composite number?
True
Let g = -22 + 26. Suppose -k - 3*r = -2*r - 54, 5*k - g*r = 315. Is k prime?
True
Let m(a) = 7*a + 3 - 1 - 2 + 5 - 3*a**3. Let n be m(-6). Suppose 2*v + 165 = n. Is v composite?
False
Let d = 561 - 103. Let t = d - 273. Is t composite?
True
Suppose 3*r = -2*m + 18182, -7*r + 2*r + 45465 = 5*m. Is m composite?
True
Let z = -990 + 1506. Suppose -z = -4*c + 1256. Is c a prime number?
True
Let j(y) = -3638*y**3 + y**2. Is j(-1) a prime number?
False
Suppose 4*h - 3*g = 43066, -14159 = -2*h + 5*g + 7381. Is h a prime number?
False
Suppose -4*d = 11663 - 50371. Is d prime?
True
Let g be 4/(-14) - 72/(-7). Let t = 9634 - 6055. Suppose g*d - t = 7*d. Is d composite?
False
Suppose 2497 = -497*v + 498*v. Is v a prime number?
False
Let l be 1 - -2 - 5/1. Let m be (l/(-6))/((-2)/(-7482)). Suppose m = 5*a - 4*k, a + 2*k - k - 253 = 0. Is a a prime number?
True
Suppose 0 = 19*o - 20*o + 2. Suppose -2*y + 1075 = 3*m, -o*y - m = -4*m - 1057. Is y composite?
True
Let z(g) = g**3 - 3*g**2 + 2*g + 2. Let j be z(2). Let q be -2*(4 - j)/(-1). Suppose -149 - 87 = -q*w. Is w a composite number?
False
Suppose 3813 = 3*b - 7*l + 2*l, 4*b = -4*l + 5084. Suppose -4*h = 4*s + s - b, -2*h + 259 = s. Is s composite?
False
Let x(a) = 978*a + 25. Let s be x(1). Suppose 455 = 2*k + 5*b - 819, 3*b - 3166 = -5*k. Let f = s - k. Is f composite?
True
Let n be 4/(-4) - -2 - (2 - 1). Suppose 3*d - 6*d + 12 = n, -d + 3969 = 5*o. Is o composite?
True
Suppose 3*b + 37498 = 2*v - 7905, 3*v = -4*b + 68147. Is v composite?
False
Let o be (-2)/(((-24)/8643)/4). Suppose -6*s = -o - 785. Is s composite?
True
Let a = 7638 + 8023. Is a a composite number?
False
Let c(k) = k**2 - 6*k + 5. Let i be c(6). Is 1/(-5) + 24186/i a prime number?
False
Let t(q) = -q - 1. Let j be t(-4). Suppose -j*p = -4*p + 3. Suppose -4*d - 100 = -4*w + 420, 0 = d - p. Is w prime?
False
Let o(d) = -d**3 - 2*d**2 + 21*d - 15. Suppose 2*r - 5*r = -3*l - 33, -2*l + 4*r - 18 = 0. Is o(l) a composite number?
False
Let f = 862 + 9697. Is f a composite number?
False
Let o(z) = -4*z**3 - 4*z**2 - 13. Let m(p) = -3*p + 35. Let s be m(14). Is o(s) a composite number?
False
Suppose -288 = -3*r + 3*i, r - 87 = -0*r - 2*i. Let y = -32 - -66. Suppose p - r = y. Is p a prime number?
True
Let d be 27 - 15 - 4/2. Suppose 0 = -6*g + d*g - 2764. Suppose y - 2*f - 373 = f, -2*y - 5*f + g = 0. Is y a prime number?
False
Suppose 0 = 5*k + 2*t - 49327, k + 5*t - 3*t = 9867. Is k a composite number?
True
Let d(b) = b**3 + 7*b**2 + 5*b. Let c be d(-6). Suppose f - 2*y = 4*f + 1, -2*f - c = 4*y. Is (-2 - -117) + f + -1 a composite number?
True
Suppose 0 = 9*j - 349955 + 43982. Is j prime?
True
Suppose 322670 = 42*w - 142396. Is w composite?
True
Let b(q) = 1181*q. Suppose 0 = -4*a - 5*t + 4, -a - t = -5*a + 4. Is b(a) composite?
False
Let h = -11192 - -16819. Is h prime?
False
Let g = -2 + -2. Is -6 - g - -1738 - (6 + -3) composite?
False
Let f(x) = 1 - 2 - 6809*x**2 + 6811*x**2 + 1664*x**3 + 1970*x**3. Is f(1) composite?
True
Suppose g + 523 = 2*a, 4*g - 819 - 508 = -5*a. Is a prime?
True
Let g be (-12)/78 - 28/(-13). Is g - -13*(9 + 0) composite?
True
Let u(x) = 42*x - 18. Let o be u(12). Let i = o - 263. Is i prime?
True
Is 3/(2 + (-256964)/128488) a composite number?
True
Let a be ((-22)/(-8))/(0 + 1/(-4)). Let i(y) = -79*y + 10. Is i(a) a prime number?
False
Let x be (2 - 0)/(28/98). Suppose -3*s = -x*s + 1028. Is s a prime number?
True
Let n = 53 - -24. Let j = n - -920. Is j composite?
False
Let u(c) = -1556*c**3 + c. Let w be u(-1). Let d = w + -1038. Is d a composite number?
True
Suppose -133255 = -9*v - 30052. Is v prime?
True
Suppose 2*q = -2*q - 8, 4*q - 12338 = -w. Is w a prime number?
False
Let n(t) = -705*t + 7. Let d be n(-5). Let u = d + -2445. Is u prime?
True
Let a(t) be the third derivative of t**5/60 - t**3/6 - 13*t**2. Let g be a(1). Is (g + -1)/(7/(-679)) composite?
False
Let a(q) = 143*q + 64. Is a(11) composite?
False
Suppose 6*v - 5076 = -3*v. Let k = v - 233. Is k composite?
False
Let c(u) = -82*u - 5 + 0 - 9*u + 16. Is c(-8) composite?
False
Let w = 2 - 1. Let l(h) = -1 + 4*h - w - 7*h + h**2. Is l(-4) a composite number?
True
Let k = -145 + 147. Is k*4/(8/323) prime?
False
Suppose 4*o + 410 = 2*w, 2*w + o = 3*o + 410. Let v = w - 116. Is v a prime number?
True
Let l = 39 + -39. Suppose 0*h - 6*h + 42 = l. Is (-6 + h)/((-3)/(-2103)) prime?
True
Let d = -9577 - -13944. Is d composite?
True
Suppose 746843 = -8*f - 186677. Is 3/(-2) - f/20 a composite number?
True
Let s = 98 - 248. Let k = s - -73. Let g = k - -384. Is g a prime number?
True
Let z(c) = -8*c - 25. Is z(-13) a composite number?
False
Let r(g) = g - 1. Let p be r(5). Let z(s) = -s**2 + 25*s - 14. Let y be z(12). Suppose y = -3*v + p*v. Is v a composite number?
True
Suppose -43733 = -14*a + 46301. Is a prime?
False
Let x = 113914 - 65331. Is x a composite number?
True
Let h(p) = p**2 - 4. Let m be h(-3). Suppose 0*f + 3*t + 2758 = m*f, -2*t - 2206 = -4*f. Is f a prime number?
False
Let n = -3887 - -6924. Is n prime?
True
Is -3*4/8 + 889/2 composite?
False
Let o(g) = 4519*g + 21. Let w be o(-2). Let d = -3556 - w. Is d prime?
False
Let s be (-15)/(-2) + (18/(-4))/9. Is ((-35)/10)/s + (-1530)/(-4) a prime number?
False
Suppose -z = -s - 2*s - 285, 0 = -2*z - 5*s + 581. Suppose -2*t + 145 = -6*y + 7*y, 5*t = -2*y + z. Is y a composite number?
False
Is ((-7626)/24)/((-3)/12) composite?
True
Suppose -12*j = -159587 - 189625. Is j composite?
False
Is (-375)/(-50)*17994/9 a prime number?
False
Is (0 - 1 - 1)/(2/(-9791)) composite?
False
Is 33 + 3968 - (-5 + -1) composite?
False
Let x = -8625 - -14288. Is x a prime number?
False
Let x(q) = -q - 5. Let w be x(-5). Suppose w = 4*i - 6*i + 66. Is (i/(-6))/((-2)/20) composite?
True
Let u(g) = -g**2 - g + 5. Let w be u(0). Suppose w*s - 5*v = 35, v = 4*s + 3*v - 4. Suppose s*y + 3*b - 592 - 20 = 0, 0 = -y - 2*b + 206. Is y prime?
False
Suppose -2*h = 2*h + 1708. Let y = 633 - h. Suppose 530 = -0*w + 2*w + 5*c, -4*c = 4*w - y. Is w a composite number?
True
Let y be -10 + (-6 - -3 - -5). Let a be (34/(-4))/(y/80). Suppose 5*c = a + 285. Is c prime?
False
Suppose 6*v = 5*v + 2*b + 4579, -4*v + 18281 = -b. Is v a composite number?
True
Suppose -6 = -x - 2*b - b, -3*x + 4 = 2*b. Suppose v - 6 - 1 = x. Suppose 0 = -v*m + 1422 + 139. Is m prime?
True
Let h = 3373 + 824. Is h a composite number?
True
Let j be 2*3/(3/1). Suppose 4*s + 5*v + 43 = 0, 3*v = j*v - 3. Let h(x) = -18*x + 7. Is h(s) a composite number?
True
Suppose 33*k - 36*k + 79545 = 0. Is k prime?
False
Let o = -11 + 15. Is 562 - (3 + -8 + o) prime?
True
Suppose 15*p - 2*p = 115037. Is p a composite number?
False
Let r(u) = 359*u**2 + 12*u - 4. Is r(5) composite?
True
Suppose 0 = -2